{"id":112,"date":"2023-12-16T01:28:45","date_gmt":"2023-12-16T00:28:45","guid":{"rendered":"https:\/\/dominiot.fr\/?page_id=112"},"modified":"2024-01-11T00:32:41","modified_gmt":"2024-01-10T23:32:41","slug":"cu-agriculture","status":"publish","type":"page","link":"https:\/\/dominiot.fr\/index.php\/cu-agriculture\/","title":{"rendered":"Agriculture Intelligente"},"content":{"rendered":"\n<figure class=\"wp-block-image aligncenter size-large is-resized\"><img loading=\"lazy\" decoding=\"async\" width=\"1024\" height=\"682\" src=\"https:\/\/dominiot.fr\/wp-content\/uploads\/2023\/12\/grain-field-7225738_1280-1024x682.jpg\" alt=\"\" class=\"wp-image-388\" style=\"width:550px;height:auto\" srcset=\"https:\/\/dominiot.fr\/wp-content\/uploads\/2023\/12\/grain-field-7225738_1280-1024x682.jpg 1024w, https:\/\/dominiot.fr\/wp-content\/uploads\/2023\/12\/grain-field-7225738_1280-980x653.jpg 980w, https:\/\/dominiot.fr\/wp-content\/uploads\/2023\/12\/grain-field-7225738_1280-480x320.jpg 480w\" sizes=\"(min-width: 0px) and (max-width: 480px) 480px, (min-width: 481px) and (max-width: 980px) 980px, (min-width: 981px) 1024px, 100vw\" \/><\/figure>\n\n\n\n<div style=\"height:75px\" aria-hidden=\"true\" class=\"wp-block-spacer\"><\/div>\n\n\n\n<h2 class=\"wp-block-heading has-text-align-center\"><mark style=\"background-color:rgba(0, 0, 0, 0)\" class=\"has-inline-color has-luminous-vivid-amber-color\"><\/mark>La solution DominIoT permet la supervision et le contr\u00f4le de vos \u00e9quipements techniques, leur raccordement au r\u00e9seau ainsi que la fourniture et le raccordement de capteurs aidant \u00e0 optimiser votre activit\u00e9.<\/h2>\n\n\n\n<h2 class=\"wp-block-heading has-text-align-center\">Les capteurs agricoles collectent des donn\u00e9es vari\u00e9es sur vos cultures telles que : temp\u00e9rature, humidit\u00e9 du sol, qualit\u00e9 de l&#8217;air, conditions m\u00e9t\u00e9orologiques, qualit\u00e9 du sol, progression de la croissance des cultures, croissance des plantes ou sant\u00e9 du b\u00e9tail.<\/h2>\n\n\n\n<div style=\"height:67px\" aria-hidden=\"true\" class=\"wp-block-spacer\"><\/div>\n\n\n\n<div class=\"wp-block-columns is-layout-flex wp-container-core-columns-layout-1 wp-block-columns-is-layout-flex\">\n<div class=\"wp-block-column is-layout-flow wp-block-column-is-layout-flow\">\n<div style=\"height:39px\" aria-hidden=\"true\" class=\"wp-block-spacer\"><\/div>\n\n\n\n<p>Avec DominIoT, l&#8217;agriculture intelligente permet d&#8217;am\u00e9liorer les rendements, la rentabilit\u00e9, la durabilit\u00e9 et la r\u00e9silience des exploitations agricoles. Elle minimise les impacts environnementaux.<\/p>\n<\/div>\n\n\n\n<div class=\"wp-block-column is-layout-flow wp-block-column-is-layout-flow\">\n<figure class=\"wp-block-image size-large is-resized\"><img loading=\"lazy\" decoding=\"async\" width=\"1024\" height=\"461\" src=\"https:\/\/dominiot.fr\/wp-content\/uploads\/2023\/12\/Agriculture-1-1024x461.jpg\" alt=\"\" class=\"wp-image-383\" style=\"width:491px;height:auto\" srcset=\"https:\/\/dominiot.fr\/wp-content\/uploads\/2023\/12\/Agriculture-1-980x442.jpg 980w, https:\/\/dominiot.fr\/wp-content\/uploads\/2023\/12\/Agriculture-1-480x216.jpg 480w\" sizes=\"(min-width: 0px) and (max-width: 480px) 480px, (min-width: 481px) and (max-width: 980px) 980px, (min-width: 981px) 1024px, 100vw\" \/><\/figure>\n<\/div>\n<\/div>\n\n\n\n<div style=\"height:37px\" aria-hidden=\"true\" class=\"wp-block-spacer\"><\/div>\n\n\n\n<h1 class=\"wp-block-heading\">Comment l\u2019IoT a le potentiel de transformer l\u2019agriculture:<\/h1>\n\n\n\n<div style=\"height:55px\" aria-hidden=\"true\" class=\"wp-block-spacer\"><\/div>\n\n\n\n<h2 class=\"wp-block-heading\"><strong>Meilleure gestion des rendements<\/strong><\/h2>\n\n\n\n<p>La pr\u00e9dication du rendement de votre production, bas\u00e9e sur l&#8217;IA et les capteurs IoT, vous permet de planifier une meilleure distribution des produits. Si vous savez exactement quelle quantit\u00e9 de r\u00e9colte vous pouvez obtenir, vous \u00eates assur\u00e9 de ne pas avoir de stocks invendus.<\/p>\n\n\n\n<h2 class=\"wp-block-heading\">R\u00e9duction des impacts environnementaux<\/h2>\n\n\n\n<p>L\u2019analyse fine des sols et des cultures par les capteurs IoT permet d\u2019optimiser l\u2019\u00e9pandage des engrais et des pesticides ainsi que de l\u2019eau en fonction des besoins r\u00e9els des cultures. Leur usage n\u2019\u00e9tant plus syst\u00e9matique mais au plus juste, assurant ainsi leur utilisation en moindre quantit\u00e9.<\/p>\n\n\n\n<h2 class=\"wp-block-heading\"><strong>Meilleure gestion des co\u00fbts<\/strong><\/h2>\n\n\n\n<p>L&#8217;IA et les capteurs IoT apportent la capacit\u00e9 \u00e0 rep\u00e9rer les anomalies dans la croissance des cultures ou la sant\u00e9 du b\u00e9tail. Vous serez ainsi en mesure d\u2019anticiper les risques de perte de rendement.<\/p>\n\n\n\n<h2 class=\"wp-block-heading\"><strong>Augmentation de l\u2019efficacit\u00e9<\/strong><\/h2>\n\n\n\n<p>L&#8217;IA coupl\u00e9e \u00e0 l&#8217;IoT permet d&#8217;automatiser vos processus tout au long du cycle de production. Vous tenez compte des donn\u00e9es historiques, des conditions m\u00e9t\u00e9orologiques actuelles et d&#8217;autres facteurs.<\/p>\n\n\n\n<h2 class=\"wp-block-heading\"><strong><strong>Am\u00e9lioration de la qualit\u00e9 des produits et des volumes<\/strong><\/strong><\/h2>\n\n\n\n<p>L\u2019automatisation des processus, pilot\u00e9e par l&#8217;IoT, permet un meilleur contr\u00f4le de la production, ainsi que le maintient de la qualit\u00e9 des cultures et de la capacit\u00e9 de croissance.<\/p>\n","protected":false},"excerpt":{"rendered":"<p>La solution DominIoT permet la supervision et le contr\u00f4le de vos \u00e9quipements techniques, leur raccordement au r\u00e9seau ainsi que la fourniture et le raccordement de capteurs aidant \u00e0 optimiser votre activit\u00e9. Les capteurs agricoles collectent des donn\u00e9es vari\u00e9es sur vos cultures telles que : temp\u00e9rature, humidit\u00e9 du sol, qualit\u00e9 de l&#8217;air, conditions m\u00e9t\u00e9orologiques, qualit\u00e9 du [&hellip;]<\/p>\n","protected":false},"author":1,"featured_media":530,"parent":0,"menu_order":0,"comment_status":"closed","ping_status":"closed","template":"","meta":{"_et_pb_use_builder":"off","_et_pb_old_content":"<!-- wp:image {\"align\":\"center\",\"id\":388,\"width\":\"550px\",\"height\":\"auto\",\"sizeSlug\":\"large\",\"linkDestination\":\"none\"} -->\n<figure class=\"wp-block-image aligncenter size-large is-resized\"><img src=\"https:\/\/dominiot.fr\/wp-content\/uploads\/2023\/12\/grain-field-7225738_1280-1024x682.jpg\" alt=\"\" class=\"wp-image-388\" style=\"width:550px;height:auto\"\/><\/figure>\n<!-- \/wp:image -->\n\n<!-- wp:spacer {\"height\":\"75px\"} -->\n<div style=\"height:75px\" aria-hidden=\"true\" class=\"wp-block-spacer\"><\/div>\n<!-- \/wp:spacer -->\n\n<!-- wp:heading {\"textAlign\":\"center\"} -->\n<h2 class=\"wp-block-heading has-text-align-center\"><mark style=\"background-color:rgba(0, 0, 0, 0)\" class=\"has-inline-color has-luminous-vivid-amber-color\"><\/mark>La solution DominIoT permet la supervision et le contr\u00f4le de vos \u00e9quipements techniques, leur raccordement au r\u00e9seau ainsi que la fourniture et le raccordement de capteurs aidant \u00e0 optimiser votre activit\u00e9.<\/h2>\n<!-- \/wp:heading -->\n\n<!-- wp:heading {\"textAlign\":\"center\"} -->\n<h2 class=\"wp-block-heading has-text-align-center\">Les capteurs agricoles collectent des donn\u00e9es vari\u00e9es sur vos cultures telles que : temp\u00e9rature, humidit\u00e9 du sol, qualit\u00e9 de l'air, conditions m\u00e9t\u00e9orologiques, qualit\u00e9 du sol, progression de la croissance des cultures, croissance des plantes ou sant\u00e9 du b\u00e9tail.<\/h2>\n<!-- \/wp:heading -->\n\n<!-- wp:spacer {\"height\":\"67px\"} -->\n<div style=\"height:67px\" aria-hidden=\"true\" class=\"wp-block-spacer\"><\/div>\n<!-- \/wp:spacer -->\n\n<!-- wp:columns -->\n<div class=\"wp-block-columns\"><!-- wp:column -->\n<div class=\"wp-block-column\"><!-- wp:paragraph -->\n<p>Avec DominIoT, l'agriculture intelligente permet d'am\u00e9liorer les rendements, la rentabilit\u00e9, la durabilit\u00e9 et la r\u00e9silience des exploitations agricoles. Elle minimise les impacts environnementaux.<\/p>\n<!-- \/wp:paragraph --><\/div>\n<!-- \/wp:column -->\n\n<!-- wp:column -->\n<div class=\"wp-block-column\"><!-- wp:image {\"id\":383,\"width\":\"440px\",\"height\":\"auto\",\"sizeSlug\":\"large\",\"linkDestination\":\"none\"} -->\n<figure class=\"wp-block-image size-large is-resized\"><img src=\"https:\/\/dominiot.fr\/wp-content\/uploads\/2023\/12\/Agriculture-1-1024x461.jpg\" alt=\"\" class=\"wp-image-383\" style=\"width:440px;height:auto\"\/><\/figure>\n<!-- \/wp:image --><\/div>\n<!-- \/wp:column --><\/div>\n<!-- \/wp:columns -->\n\n<!-- wp:spacer {\"height\":\"37px\"} -->\n<div style=\"height:37px\" aria-hidden=\"true\" class=\"wp-block-spacer\"><\/div>\n<!-- \/wp:spacer -->\n\n<!-- wp:heading {\"level\":1} -->\n<h1 class=\"wp-block-heading\">Comment l\u2019IoT a le potentiel de transformer l\u2019agriculture:<\/h1>\n<!-- \/wp:heading -->\n\n<!-- wp:spacer {\"height\":\"55px\"} -->\n<div style=\"height:55px\" aria-hidden=\"true\" class=\"wp-block-spacer\"><\/div>\n<!-- \/wp:spacer -->\n\n<!-- wp:heading -->\n<h2 class=\"wp-block-heading\"><strong>Meilleure gestion des rendements<\/strong><\/h2>\n<!-- \/wp:heading -->\n\n<!-- wp:paragraph -->\n<p>La pr\u00e9dication du rendement de votre production, bas\u00e9e sur l'IA et les capteurs IoT, vous permet de planifier une meilleure distribution des produits. Si vous savez exactement quelle quantit\u00e9 de r\u00e9colte vous pouvez obtenir, vous \u00eates assur\u00e9 de ne pas avoir de stocks invendus.<\/p>\n<!-- \/wp:paragraph -->\n\n<!-- wp:heading -->\n<h2 class=\"wp-block-heading\">R\u00e9duction des impacts environnementaux<\/h2>\n<!-- \/wp:heading -->\n\n<!-- wp:paragraph -->\n<p>L\u2019analyse fine des sols et des cultures par les capteurs IoT permet d\u2019optimiser l\u2019\u00e9pandage des engrais et des pesticides ainsi que de l\u2019eau en fonction des besoins r\u00e9els des cultures. Leur usage n\u2019\u00e9tant plus syst\u00e9matique mais au plus juste, assurant ainsi leur utilisation en moindre quantit\u00e9.<\/p>\n<!-- \/wp:paragraph -->\n\n<!-- wp:heading -->\n<h2 class=\"wp-block-heading\"><strong>Meilleure gestion des co\u00fbts<\/strong><\/h2>\n<!-- \/wp:heading -->\n\n<!-- wp:paragraph -->\n<p>L'IA et les capteurs IoT apportent la capacit\u00e9 \u00e0 rep\u00e9rer les anomalies dans la croissance des cultures ou la sant\u00e9 du b\u00e9tail. Vous serez ainsi en mesure d\u2019anticiper les risques de perte de rendement.<\/p>\n<!-- \/wp:paragraph -->\n\n<!-- wp:heading -->\n<h2 class=\"wp-block-heading\"><strong>Augmentation de l\u2019efficacit\u00e9<\/strong><\/h2>\n<!-- \/wp:heading -->\n\n<!-- wp:paragraph -->\n<p>L'IA coupl\u00e9e \u00e0 l'IoT permet d'automatiser vos processus tout au long du cycle de production. Vous tenez compte des donn\u00e9es historiques, des conditions m\u00e9t\u00e9orologiques actuelles et d'autres facteurs.<\/p>\n<!-- \/wp:paragraph -->\n\n<!-- wp:heading -->\n<h2 class=\"wp-block-heading\"><strong><strong>Am\u00e9lioration de la qualit\u00e9 des produits et des volumes<\/strong><\/strong><\/h2>\n<!-- \/wp:heading -->\n\n<!-- wp:paragraph -->\n<p>L\u2019automatisation des processus, pilot\u00e9e par l'IoT, permet un meilleur contr\u00f4le de la production, ainsi que le maintient de la qualit\u00e9 des cultures et de la capacit\u00e9 de croissance.<\/p>\n<!-- \/wp:paragraph -->","_et_gb_content_width":"","_monsterinsights_skip_tracking":false,"_monsterinsights_sitenote_active":false,"_monsterinsights_sitenote_note":"","_monsterinsights_sitenote_category":0,"footnotes":""},"yoast_head":"<!-- This site is optimized with the Yoast SEO plugin v21.7 - https:\/\/yoast.com\/wordpress\/plugins\/seo\/ -->\n<title>Am\u00e9liorer les rendements- durabilit\u00e9 agricole<\/title>\n<meta name=\"description\" content=\"DominIoT vous propose une agriculture intelligente et s\u00e9curis\u00e9e. Cela vous permet la supervision et le contr\u00f4le de vos \u00e9quipements techniques et vous aide \u00e0 optimiser votre activit\u00e9.\" \/>\n<meta name=\"robots\" content=\"index, follow, max-snippet:-1, max-image-preview:large, max-video-preview:-1\" \/>\n<link rel=\"canonical\" href=\"https:\/\/dominiot.fr\/index.php\/cu-agriculture\/\" \/>\n<meta property=\"og:locale\" content=\"en_US\" \/>\n<meta property=\"og:type\" content=\"article\" \/>\n<meta property=\"og:title\" content=\"Am\u00e9liorer les rendements- durabilit\u00e9 agricole\" \/>\n<meta property=\"og:description\" content=\"DominIoT vous propose une agriculture intelligente et s\u00e9curis\u00e9e. Cela vous permet la supervision et le contr\u00f4le de vos \u00e9quipements techniques et vous aide \u00e0 optimiser votre activit\u00e9.\" \/>\n<meta property=\"og:url\" content=\"https:\/\/dominiot.fr\/index.php\/cu-agriculture\/\" \/>\n<meta property=\"og:site_name\" content=\"DominIoT\" \/>\n<meta property=\"article:modified_time\" content=\"2024-01-10T23:32:41+00:00\" \/>\n<meta property=\"og:image\" content=\"https:\/\/dominiot.fr\/wp-content\/uploads\/2023\/12\/rye-6375839_1280.jpg\" \/>\n\t<meta property=\"og:image:width\" content=\"1280\" \/>\n\t<meta property=\"og:image:height\" content=\"853\" \/>\n\t<meta property=\"og:image:type\" content=\"image\/jpeg\" \/>\n<meta name=\"twitter:card\" content=\"summary_large_image\" \/>\n<meta name=\"twitter:label1\" content=\"Est. reading time\" \/>\n\t<meta name=\"twitter:data1\" content=\"3 minutes\" \/>\n<script type=\"application\/ld+json\" class=\"yoast-schema-graph\">{\"@context\":\"https:\/\/schema.org\",\"@graph\":[{\"@type\":\"WebPage\",\"@id\":\"https:\/\/dominiot.fr\/index.php\/cu-agriculture\/\",\"url\":\"https:\/\/dominiot.fr\/index.php\/cu-agriculture\/\",\"name\":\"Am\u00e9liorer les rendements- durabilit\u00e9 agricole\",\"isPartOf\":{\"@id\":\"https:\/\/dominiot.fr\/#website\"},\"datePublished\":\"2023-12-16T00:28:45+00:00\",\"dateModified\":\"2024-01-10T23:32:41+00:00\",\"description\":\"DominIoT vous propose une agriculture intelligente et s\u00e9curis\u00e9e. Cela vous permet la supervision et le contr\u00f4le de vos \u00e9quipements techniques et vous aide \u00e0 optimiser votre activit\u00e9.\",\"breadcrumb\":{\"@id\":\"https:\/\/dominiot.fr\/index.php\/cu-agriculture\/#breadcrumb\"},\"inLanguage\":\"en-US\",\"potentialAction\":[{\"@type\":\"ReadAction\",\"target\":[\"https:\/\/dominiot.fr\/index.php\/cu-agriculture\/\"]}]},{\"@type\":\"BreadcrumbList\",\"@id\":\"https:\/\/dominiot.fr\/index.php\/cu-agriculture\/#breadcrumb\",\"itemListElement\":[{\"@type\":\"ListItem\",\"position\":1,\"name\":\"Accueil\",\"item\":\"https:\/\/dominiot.fr\/\"},{\"@type\":\"ListItem\",\"position\":2,\"name\":\"Agriculture Intelligente\"}]},{\"@type\":\"WebSite\",\"@id\":\"https:\/\/dominiot.fr\/#website\",\"url\":\"https:\/\/dominiot.fr\/\",\"name\":\"DominIoT\",\"description\":\"\",\"potentialAction\":[{\"@type\":\"SearchAction\",\"target\":{\"@type\":\"EntryPoint\",\"urlTemplate\":\"https:\/\/dominiot.fr\/?s={search_term_string}\"},\"query-input\":\"required name=search_term_string\"}],\"inLanguage\":\"en-US\"}]}<\/script>\n<!-- \/ Yoast SEO plugin. -->","yoast_head_json":{"title":"Am\u00e9liorer les rendements- durabilit\u00e9 agricole","description":"DominIoT vous propose une agriculture intelligente et s\u00e9curis\u00e9e. Cela vous permet la supervision et le contr\u00f4le de vos \u00e9quipements techniques et vous aide \u00e0 optimiser votre activit\u00e9.","robots":{"index":"index","follow":"follow","max-snippet":"max-snippet:-1","max-image-preview":"max-image-preview:large","max-video-preview":"max-video-preview:-1"},"canonical":"https:\/\/dominiot.fr\/index.php\/cu-agriculture\/","og_locale":"en_US","og_type":"article","og_title":"Am\u00e9liorer les rendements- durabilit\u00e9 agricole","og_description":"DominIoT vous propose une agriculture intelligente et s\u00e9curis\u00e9e. Cela vous permet la supervision et le contr\u00f4le de vos \u00e9quipements techniques et vous aide \u00e0 optimiser votre activit\u00e9.","og_url":"https:\/\/dominiot.fr\/index.php\/cu-agriculture\/","og_site_name":"DominIoT","article_modified_time":"2024-01-10T23:32:41+00:00","og_image":[{"width":1280,"height":853,"url":"https:\/\/dominiot.fr\/wp-content\/uploads\/2023\/12\/rye-6375839_1280.jpg","type":"image\/jpeg"}],"twitter_card":"summary_large_image","twitter_misc":{"Est. reading time":"3 minutes"},"schema":{"@context":"https:\/\/schema.org","@graph":[{"@type":"WebPage","@id":"https:\/\/dominiot.fr\/index.php\/cu-agriculture\/","url":"https:\/\/dominiot.fr\/index.php\/cu-agriculture\/","name":"Am\u00e9liorer les rendements- durabilit\u00e9 agricole","isPartOf":{"@id":"https:\/\/dominiot.fr\/#website"},"datePublished":"2023-12-16T00:28:45+00:00","dateModified":"2024-01-10T23:32:41+00:00","description":"DominIoT vous propose une agriculture intelligente et s\u00e9curis\u00e9e. Cela vous permet la supervision et le contr\u00f4le de vos \u00e9quipements techniques et vous aide \u00e0 optimiser votre activit\u00e9.","breadcrumb":{"@id":"https:\/\/dominiot.fr\/index.php\/cu-agriculture\/#breadcrumb"},"inLanguage":"en-US","potentialAction":[{"@type":"ReadAction","target":["https:\/\/dominiot.fr\/index.php\/cu-agriculture\/"]}]},{"@type":"BreadcrumbList","@id":"https:\/\/dominiot.fr\/index.php\/cu-agriculture\/#breadcrumb","itemListElement":[{"@type":"ListItem","position":1,"name":"Accueil","item":"https:\/\/dominiot.fr\/"},{"@type":"ListItem","position":2,"name":"Agriculture Intelligente"}]},{"@type":"WebSite","@id":"https:\/\/dominiot.fr\/#website","url":"https:\/\/dominiot.fr\/","name":"DominIoT","description":"","potentialAction":[{"@type":"SearchAction","target":{"@type":"EntryPoint","urlTemplate":"https:\/\/dominiot.fr\/?s={search_term_string}"},"query-input":"required name=search_term_string"}],"inLanguage":"en-US"}]}},"_links":{"self":[{"href":"https:\/\/dominiot.fr\/index.php\/wp-json\/wp\/v2\/pages\/112"}],"collection":[{"href":"https:\/\/dominiot.fr\/index.php\/wp-json\/wp\/v2\/pages"}],"about":[{"href":"https:\/\/dominiot.fr\/index.php\/wp-json\/wp\/v2\/types\/page"}],"author":[{"embeddable":true,"href":"https:\/\/dominiot.fr\/index.php\/wp-json\/wp\/v2\/users\/1"}],"replies":[{"embeddable":true,"href":"https:\/\/dominiot.fr\/index.php\/wp-json\/wp\/v2\/comments?post=112"}],"version-history":[{"count":28,"href":"https:\/\/dominiot.fr\/index.php\/wp-json\/wp\/v2\/pages\/112\/revisions"}],"predecessor-version":[{"id":890,"href":"https:\/\/dominiot.fr\/index.php\/wp-json\/wp\/v2\/pages\/112\/revisions\/890"}],"wp:featuredmedia":[{"embeddable":true,"href":"https:\/\/dominiot.fr\/index.php\/wp-json\/wp\/v2\/media\/530"}],"wp:attachment":[{"href":"https:\/\/dominiot.fr\/index.php\/wp-json\/wp\/v2\/media?parent=112"}],"curies":[{"name":"wp","href":"https:\/\/api.w.org\/{rel}","templated":true}]}}