{"id":135,"date":"2023-12-16T01:35:50","date_gmt":"2023-12-16T00:35:50","guid":{"rendered":"https:\/\/dominiot.fr\/?page_id=135"},"modified":"2024-01-11T01:02:52","modified_gmt":"2024-01-11T00:02:52","slug":"cu-energie","status":"publish","type":"page","link":"https:\/\/dominiot.fr\/index.php\/cu-energie\/","title":{"rendered":"\u00c9nergie"},"content":{"rendered":"\n<figure class=\"wp-block-image aligncenter size-large is-resized\"><img loading=\"lazy\" decoding=\"async\" width=\"1024\" height=\"768\" src=\"https:\/\/dominiot.fr\/wp-content\/uploads\/2023\/12\/power-plant-210850_1280-1024x768.jpg\" alt=\"\" class=\"wp-image-460\" style=\"width:558px;height:auto\" srcset=\"https:\/\/dominiot.fr\/wp-content\/uploads\/2023\/12\/power-plant-210850_1280-1024x768.jpg 1024w, https:\/\/dominiot.fr\/wp-content\/uploads\/2023\/12\/power-plant-210850_1280-980x735.jpg 980w, https:\/\/dominiot.fr\/wp-content\/uploads\/2023\/12\/power-plant-210850_1280-480x360.jpg 480w\" sizes=\"(min-width: 0px) and (max-width: 480px) 480px, (min-width: 481px) and (max-width: 980px) 980px, (min-width: 981px) 1024px, 100vw\" \/><\/figure>\n\n\n\n<h2 class=\"wp-block-heading\">DominIoT s\u2019int\u00e8gre dans le cadre de l&#8217;industrie de l\u2019\u00e9nergie en proposant un syst\u00e8me intelligent et s\u00e9curis\u00e9 qui permet aux entreprises:<\/h2>\n\n\n\n<h2 class=\"wp-block-heading\">&#8211; D&#8217;am\u00e9liorer la fiabilit\u00e9 des op\u00e9rations,<\/h2>\n\n\n\n<h2 class=\"wp-block-heading\">&#8211; D&#8217;accroitre l&#8217;efficacit\u00e9 \u00e9nerg\u00e9tique,<\/h2>\n\n\n\n<h2 class=\"wp-block-heading\">&#8211; De contribuer \u00e0  un syst\u00e8me \u00e9nerg\u00e9tique plus durable et intelligent.<\/h2>\n\n\n\n<div style=\"height:63px\" aria-hidden=\"true\" class=\"wp-block-spacer\"><\/div>\n\n\n\n<div class=\"wp-block-columns is-layout-flex wp-container-core-columns-layout-1 wp-block-columns-is-layout-flex\">\n<div class=\"wp-block-column is-layout-flow wp-block-column-is-layout-flow\">\n<div style=\"height:46px\" aria-hidden=\"true\" class=\"wp-block-spacer\"><\/div>\n\n\n\n<p>Dans le contexte de l&#8217;industrie de l&#8217;\u00e9nergie, l&#8217;IoT participe \u00e0 la modernisation des infrastructures, l&#8217;optimisation des op\u00e9rations et la transition vers des sources d&#8217;\u00e9nergie plus durables.<\/p>\n<\/div>\n\n\n\n<div class=\"wp-block-column is-layout-flow wp-block-column-is-layout-flow\">\n<figure class=\"wp-block-image size-large is-resized\"><img loading=\"lazy\" decoding=\"async\" width=\"1024\" height=\"682\" src=\"https:\/\/dominiot.fr\/wp-content\/uploads\/2023\/12\/energy-crisis-7349347_1280-1024x682.jpg\" alt=\"\" class=\"wp-image-506\" style=\"width:297px;height:auto\" srcset=\"https:\/\/dominiot.fr\/wp-content\/uploads\/2023\/12\/energy-crisis-7349347_1280-1024x682.jpg 1024w, https:\/\/dominiot.fr\/wp-content\/uploads\/2023\/12\/energy-crisis-7349347_1280-980x653.jpg 980w, https:\/\/dominiot.fr\/wp-content\/uploads\/2023\/12\/energy-crisis-7349347_1280-480x320.jpg 480w\" sizes=\"(min-width: 0px) and (max-width: 480px) 480px, (min-width: 481px) and (max-width: 980px) 980px, (min-width: 981px) 1024px, 100vw\" \/><\/figure>\n<\/div>\n<\/div>\n\n\n\n<div style=\"height:41px\" aria-hidden=\"true\" class=\"wp-block-spacer\"><\/div>\n\n\n\n<h1 class=\"wp-block-heading\">L&#8217;IoT appliqu\u00e9 \u00e0 l&#8217;industrie de l&#8217;\u00e9nergie:<\/h1>\n\n\n\n<div style=\"height:38px\" aria-hidden=\"true\" class=\"wp-block-spacer\"><\/div>\n\n\n\n<h2 class=\"wp-block-heading\"><strong>Surveillance des \u00c9quipements de Production<\/strong><\/h2>\n\n\n\n<p>Les capteurs IoT install\u00e9s sur les \u00e9quipements de production d&#8217;\u00e9nergie, tels que les \u00e9oliennes, les panneaux solaires, et les turbines, permettent une surveillance en temps r\u00e9el des performances. Cela facilite la d\u00e9tection pr\u00e9coce des pannes, la maintenance pr\u00e9dictive, et l&#8217;optimisation de la production.<\/p>\n\n\n\n<h2 class=\"wp-block-heading\"><strong>R\u00e9seau Intelligent (Smart Grid)<\/strong><\/h2>\n\n\n\n<p>L&#8217;IoT est au c\u0153ur du d\u00e9veloppement des r\u00e9seaux \u00e9lectriques intelligents. Les capteurs sur les lignes \u00e9lectriques, les transformateurs et les postes de distribution permettent une gestion plus efficace de la distribution de l&#8217;\u00e9lectricit\u00e9, la d\u00e9tection rapide des pannes, et l&#8217;int\u00e9gration harmonieuse des \u00e9nergies renouvelables.<\/p>\n\n\n\n<h2 class=\"wp-block-heading\"><strong>Gestion de la Demande d&#8217;\u00c9nergie<\/strong><\/h2>\n\n\n\n<p>Les dispositifs IoT, tels que les compteurs intelligents, permettent une gestion dynamique de la demande d&#8217;\u00e9nergie. Les consommateurs peuvent surveiller et ajuster leur consommation en temps r\u00e9el. Les fournisseurs peuvent mettre en \u0153uvre des tarifs variables pour optimiser l&#8217;utilisation du r\u00e9seau.<\/p>\n\n\n\n<h2 class=\"wp-block-heading\"><strong>Maintenance Pr\u00e9dictive des Infrastructures<\/strong><\/h2>\n\n\n\n<p>L&#8217;IoT est utilis\u00e9 pour surveiller l&#8217;\u00e9tat des infrastructures \u00e9nerg\u00e9tiques telles que les pipelines, les centrales \u00e9lectriques, et les stations de distribution. Cela permet une maintenance pr\u00e9dictive, la d\u00e9tection des fuites, et la pr\u00e9vention des d\u00e9faillances critiques.<\/p>\n\n\n\n<h2 class=\"wp-block-heading\"><strong>Optimisation des \u00c9nergies Renouvelables<\/strong><\/h2>\n\n\n\n<p>Les capteurs IoT permettent de surveiller et d&#8217;optimiser la production d&#8217;\u00e9nergies renouvelables, en tenant compte par exemple, des conditions m\u00e9t\u00e9orologiques, de la luminosit\u00e9 solaire ou de la vitesse du vent, afin de contribuer \u00e0 maximiser le rendement des installations renouvelables.<\/p>\n\n\n\n<h2 class=\"wp-block-heading\"><strong>Stockage d&#8217;\u00c9nergie Intelligent<\/strong><\/h2>\n\n\n\n<p>L&#8217;IoT est appliqu\u00e9 dans la gestion des syst\u00e8mes de stockage d&#8217;\u00e9nergie, tels que les batteries intelligentes. Les capteurs optimisent la charge, la d\u00e9charge, et la distribution de l&#8217;\u00e9nergie stock\u00e9e en fonction des besoins du r\u00e9seau.<\/p>\n\n\n\n<h2 class=\"wp-block-heading\"><strong>\u00c9clairage Intelligent<\/strong><\/h2>\n\n\n\n<p>Les syst\u00e8mes d&#8217;\u00e9clairage public g\u00e9r\u00e9s par l&#8217;IoT permettent l&#8217;ajustement automatiquement de l&#8217;intensit\u00e9 lumineuse en fonction des conditions environnementales et du trafic, contribuant ainsi \u00e0 des \u00e9conomies d&#8217;\u00e9nergie significatives.<\/p>\n\n\n\n<h2 class=\"wp-block-heading\"><strong>Surveillance Environnementale<\/strong><\/h2>\n\n\n\n<p>Les capteurs IoT surveillent les \u00e9missions et la qualit\u00e9 de l&#8217;air autour des installations \u00e9nerg\u00e9tiques. Cela contribue \u00e0 minimiser l&#8217;impact environnemental et \u00e0 assurer la conformit\u00e9 aux normes r\u00e9glementaires.<\/p>\n\n\n\n<h2 class=\"wp-block-heading\"><strong>Pr\u00e9vention des Pertes d&#8217;\u00c9nergie<\/strong><\/h2>\n\n\n\n<p>L&#8217;IoT d\u00e9tecte et minimise les pertes d&#8217;\u00e9nergie dans les r\u00e9seaux de distribution, en identifiant les zones \u00e0 haut risque de fuites ou de surcharge.<\/p>\n\n\n\n<h2 class=\"wp-block-heading\"><strong>S\u00e9curit\u00e9 des Infrastructures<\/strong><\/h2>\n\n\n\n<p>Les dispositifs IoT renforcent la s\u00e9curit\u00e9 des infrastructures \u00e9nerg\u00e9tiques en surveillant les acc\u00e8s non autoris\u00e9s, en d\u00e9tectant les anomalies, et en r\u00e9pondant rapidement aux incidents de s\u00e9curit\u00e9.<\/p>\n","protected":false},"excerpt":{"rendered":"<p>DominIoT s\u2019int\u00e8gre dans le cadre de l&#8217;industrie de l\u2019\u00e9nergie en proposant un syst\u00e8me intelligent et s\u00e9curis\u00e9 qui permet aux entreprises: &#8211; D&#8217;am\u00e9liorer la fiabilit\u00e9 des op\u00e9rations, &#8211; D&#8217;accroitre l&#8217;efficacit\u00e9 \u00e9nerg\u00e9tique, &#8211; De contribuer \u00e0 un syst\u00e8me \u00e9nerg\u00e9tique plus durable et intelligent. Dans le contexte de l&#8217;industrie de l&#8217;\u00e9nergie, l&#8217;IoT participe \u00e0 la modernisation des infrastructures, [&hellip;]<\/p>\n","protected":false},"author":1,"featured_media":557,"parent":0,"menu_order":0,"comment_status":"closed","ping_status":"closed","template":"","meta":{"_et_pb_use_builder":"off","_et_pb_old_content":"<!-- wp:cover {\"url\":\"https:\/\/dominiot.fr\/wp-content\/uploads\/2023\/12\/power-plant-210850_1280.jpg\",\"id\":460,\"dimRatio\":30,\"layout\":{\"type\":\"constrained\"}} -->\n<div class=\"wp-block-cover\"><span aria-hidden=\"true\" class=\"wp-block-cover__background has-background-dim-30 has-background-dim\"><\/span><img class=\"wp-block-cover__image-background wp-image-460\" alt=\"\" src=\"https:\/\/dominiot.fr\/wp-content\/uploads\/2023\/12\/power-plant-210850_1280.jpg\" data-object-fit=\"cover\"\/><div class=\"wp-block-cover__inner-container\"><!-- wp:paragraph {\"align\":\"left\",\"placeholder\":\"R\u00e9digez le titre\u2026\",\"fontSize\":\"medium\"} -->\n<p class=\"has-text-align-left has-medium-font-size\"> <\/p>\n<!-- \/wp:paragraph -->\n\n<!-- wp:heading {\"style\":{\"typography\":{\"fontSize\":\"26px\"}}} -->\n<h2 class=\"wp-block-heading\" style=\"font-size:26px\"><strong><strong><mark style=\"background-color:rgba(0, 0, 0, 0)\" class=\"has-inline-color has-white-color\"><strong>DominIoT s\u2019int\u00e8gre dans le cadre de l'industrie de l\u2019\u00e9nergie en proposant un syst\u00e8me intelligent et s\u00e9curis\u00e9 qui permet aux entreprises: <\/strong><\/mark><\/strong><\/strong><br>- <strong><strong><mark style=\"background-color:rgba(0, 0, 0, 0)\" class=\"has-inline-color has-white-color\"><strong>D\u2019am\u00e9liorer la fiabilit\u00e9 des op\u00e9rations,<\/strong><\/mark><\/strong><\/strong><br><strong><strong><mark style=\"background-color:rgba(0, 0, 0, 0)\" class=\"has-inline-color has-white-color\"><strong>- D'accroitre l'efficacit\u00e9 \u00e9nerg\u00e9tique, <\/strong><\/mark><\/strong><\/strong><br>- De <strong><strong><mark style=\"background-color:rgba(0, 0, 0, 0)\" class=\"has-inline-color has-white-color\"><strong>contribuer \u00e0 la transition vers un syst\u00e8me \u00e9nerg\u00e9tique plus durable et intelligent.<\/strong><\/mark><\/strong><\/strong><\/h2>\n<!-- \/wp:heading --><\/div><\/div>\n<!-- \/wp:cover -->\n\n<!-- wp:paragraph -->\n<p>Dans le contexte de l'industrie de l'\u00e9nergie, l'IoT participe \u00e0 la modernisation des infrastructures, l'optimisation des op\u00e9rations et la transition vers des sources d'\u00e9nergie plus durables.<\/p>\n<!-- \/wp:paragraph -->\n\n<!-- wp:columns -->\n<div class=\"wp-block-columns\"><!-- wp:column {\"width\":\"66.66%\"} -->\n<div class=\"wp-block-column\" style=\"flex-basis:66.66%\"><!-- wp:image {\"align\":\"center\",\"id\":506,\"width\":\"355px\",\"height\":\"auto\",\"sizeSlug\":\"large\",\"linkDestination\":\"none\"} -->\n<figure class=\"wp-block-image aligncenter size-large is-resized\"><img src=\"https:\/\/dominiot.fr\/wp-content\/uploads\/2023\/12\/energy-crisis-7349347_1280-1024x682.jpg\" alt=\"\" class=\"wp-image-506\" style=\"width:355px;height:auto\"\/><\/figure>\n<!-- \/wp:image --><\/div>\n<!-- \/wp:column --><\/div>\n<!-- \/wp:columns -->\n\n<!-- wp:paragraph -->\n<p>Voici comment l'IoT peut \u00eatre appliqu\u00e9 sp\u00e9cifiquement dans le cadre de l'industrie de l'\u00e9nergie :<\/p>\n<!-- \/wp:paragraph -->\n\n<!-- wp:heading -->\n<h2 class=\"wp-block-heading\"><strong>Surveillance des \u00c9quipements de Production<\/strong><\/h2>\n<!-- \/wp:heading -->\n\n<!-- wp:paragraph -->\n<p>Les capteurs IoT install\u00e9s sur les \u00e9quipements de production d'\u00e9nergie, tels que les \u00e9oliennes, les panneaux solaires, et les turbines, permettent une surveillance en temps r\u00e9el des performances. Cela facilite la d\u00e9tection pr\u00e9coce des pannes, la maintenance pr\u00e9dictive, et l'optimisation de la production.<\/p>\n<!-- \/wp:paragraph -->\n\n<!-- wp:heading -->\n<h2 class=\"wp-block-heading\"><strong>R\u00e9seau Intelligent (Smart Grid)<\/strong><\/h2>\n<!-- \/wp:heading -->\n\n<!-- wp:paragraph -->\n<p>L'IoT est au c\u0153ur du d\u00e9veloppement des r\u00e9seaux \u00e9lectriques intelligents. Les capteurs sur les lignes \u00e9lectriques, les transformateurs et les postes de distribution permettent une gestion plus efficace de la distribution de l'\u00e9lectricit\u00e9, la d\u00e9tection rapide des pannes, et l'int\u00e9gration harmonieuse des \u00e9nergies renouvelables.<\/p>\n<!-- \/wp:paragraph -->\n\n<!-- wp:heading -->\n<h2 class=\"wp-block-heading\"><strong>Gestion de la Demande d'\u00c9nergie<\/strong><\/h2>\n<!-- \/wp:heading -->\n\n<!-- wp:paragraph -->\n<p>Les dispositifs IoT, tels que les compteurs intelligents, permettent une gestion dynamique de la demande d'\u00e9nergie. Les consommateurs peuvent surveiller et ajuster leur consommation en temps r\u00e9el. Les fournisseurs peuvent mettre en \u0153uvre des tarifs variables pour optimiser l'utilisation du r\u00e9seau.<\/p>\n<!-- \/wp:paragraph -->\n\n<!-- wp:heading -->\n<h2 class=\"wp-block-heading\"><strong>Maintenance Pr\u00e9dictive des Infrastructures<\/strong><\/h2>\n<!-- \/wp:heading -->\n\n<!-- wp:paragraph -->\n<p>L'IoT est utilis\u00e9 pour surveiller l'\u00e9tat des infrastructures \u00e9nerg\u00e9tiques telles que les pipelines, les centrales \u00e9lectriques, et les stations de distribution. Cela permet une maintenance pr\u00e9dictive, la d\u00e9tection des fuites, et la pr\u00e9vention des d\u00e9faillances critiques.<\/p>\n<!-- \/wp:paragraph -->\n\n<!-- wp:heading -->\n<h2 class=\"wp-block-heading\"><strong>Optimisation des \u00c9nergies Renouvelables<\/strong><\/h2>\n<!-- \/wp:heading -->\n\n<!-- wp:paragraph -->\n<p>Les capteurs IoT permettent de surveiller et d'optimiser la production d'\u00e9nergies renouvelables, en tenant compte par exemple: <\/p>\n<!-- \/wp:paragraph -->\n\n<!-- wp:list -->\n<ul><!-- wp:list-item -->\n<li>des conditions m\u00e9t\u00e9orologiques,<\/li>\n<!-- \/wp:list-item -->\n\n<!-- wp:list-item -->\n<li>de la luminosit\u00e9 solaire,<\/li>\n<!-- \/wp:list-item -->\n\n<!-- wp:list-item -->\n<li>de la vitesse du vent. <\/li>\n<!-- \/wp:list-item --><\/ul>\n<!-- \/wp:list -->\n\n<!-- wp:paragraph -->\n<p>Afin de contribuer \u00e0 maximiser le rendement des installations renouvelables.<\/p>\n<!-- \/wp:paragraph -->\n\n<!-- wp:heading -->\n<h2 class=\"wp-block-heading\"><strong>Stockage d'\u00c9nergie Intelligent<\/strong><\/h2>\n<!-- \/wp:heading -->\n\n<!-- wp:paragraph -->\n<p>L'IoT est appliqu\u00e9 dans la gestion des syst\u00e8mes de stockage d'\u00e9nergie, tels que les batteries intelligentes. Les capteurs optimisent la charge, la d\u00e9charge, et la distribution de l'\u00e9nergie stock\u00e9e en fonction des besoins du r\u00e9seau.<\/p>\n<!-- \/wp:paragraph -->\n\n<!-- wp:heading -->\n<h2 class=\"wp-block-heading\"><strong>\u00c9clairage Intelligent<\/strong><\/h2>\n<!-- \/wp:heading -->\n\n<!-- wp:paragraph -->\n<p>Les syst\u00e8mes d'\u00e9clairage public aliment\u00e9s par l'IoT permettent d'ajuster automatiquement l'intensit\u00e9 lumineuse en fonction des conditions environnementales et du trafic, contribuant ainsi \u00e0 des \u00e9conomies d'\u00e9nergie significatives.<\/p>\n<!-- \/wp:paragraph -->\n\n<!-- wp:heading -->\n<h2 class=\"wp-block-heading\"><strong>Surveillance Environnementale<\/strong><\/h2>\n<!-- \/wp:heading -->\n\n<!-- wp:paragraph -->\n<p>Les capteurs IoT surveillent les \u00e9missions et la qualit\u00e9 de l'air autour des installations \u00e9nerg\u00e9tiques. Cela contribue \u00e0 minimiser l'impact environnemental et \u00e0 assurer la conformit\u00e9 aux normes r\u00e9glementaires.<\/p>\n<!-- \/wp:paragraph -->\n\n<!-- wp:heading -->\n<h2 class=\"wp-block-heading\"><strong>Pr\u00e9vention des Pertes d'\u00c9nergie<\/strong><\/h2>\n<!-- \/wp:heading -->\n\n<!-- wp:paragraph -->\n<p>L'IoT d\u00e9tecte et minimise les pertes d'\u00e9nergie dans les r\u00e9seaux de distribution, en identifiant les zones \u00e0 haut risque de fuites ou de surcharge.<\/p>\n<!-- \/wp:paragraph -->\n\n<!-- wp:heading -->\n<h2 class=\"wp-block-heading\"><strong>S\u00e9curit\u00e9 des Infrastructures<\/strong><\/h2>\n<!-- \/wp:heading -->\n\n<!-- wp:paragraph -->\n<p>Les dispositifs IoT renforcent la s\u00e9curit\u00e9 des infrastructures \u00e9nerg\u00e9tiques en surveillant les acc\u00e8s non autoris\u00e9s, en d\u00e9tectant les anomalies, et en r\u00e9pondant rapidement aux incidents de s\u00e9curit\u00e9.<\/p>\n<!-- \/wp:paragraph -->","_et_gb_content_width":"","_monsterinsights_skip_tracking":false,"_monsterinsights_sitenote_active":false,"_monsterinsights_sitenote_note":"","_monsterinsights_sitenote_category":0,"footnotes":""},"yoast_head":"<!-- This site is optimized with the Yoast SEO plugin v21.7 - https:\/\/yoast.com\/wordpress\/plugins\/seo\/ -->\n<title>Surveillance des \u00c9quipements d&#039;Energie - Gestion de la Demande d&#039;\u00c9nergie - Stockage d&#039;\u00c9nergie Intelligent - \u00c9clairage Intelligent : - Pr\u00e9vention des Pertes d&#039;\u00c9nergie<\/title>\n<meta name=\"description\" content=\"DominIoT propose un syst\u00e8me du type 4.0, intelligent et s\u00e9curis\u00e9 permettant aux entreprises d\u2019am\u00e9liorer la fiabilit\u00e9 des op\u00e9rations, un accroissement de l&#039;efficacit\u00e9 \u00e9nerg\u00e9tique, et de contribuer \u00e0 la transition vers un syst\u00e8me \u00e9nerg\u00e9tique plus durable et intelligent.\" \/>\n<meta name=\"robots\" content=\"index, follow, max-snippet:-1, max-image-preview:large, max-video-preview:-1\" \/>\n<link rel=\"canonical\" href=\"https:\/\/dominiot.fr\/index.php\/cu-energie\/\" \/>\n<meta property=\"og:locale\" content=\"en_US\" \/>\n<meta property=\"og:type\" content=\"article\" \/>\n<meta property=\"og:title\" content=\"Surveillance des \u00c9quipements d&#039;Energie - Gestion de la Demande d&#039;\u00c9nergie - Stockage d&#039;\u00c9nergie Intelligent - \u00c9clairage Intelligent : - Pr\u00e9vention des Pertes d&#039;\u00c9nergie\" \/>\n<meta property=\"og:description\" content=\"DominIoT propose un syst\u00e8me du type 4.0, intelligent et s\u00e9curis\u00e9 permettant aux entreprises d\u2019am\u00e9liorer la fiabilit\u00e9 des op\u00e9rations, un accroissement de l&#039;efficacit\u00e9 \u00e9nerg\u00e9tique, et de contribuer \u00e0 la transition vers un syst\u00e8me \u00e9nerg\u00e9tique plus durable et intelligent.\" \/>\n<meta property=\"og:url\" content=\"https:\/\/dominiot.fr\/index.php\/cu-energie\/\" \/>\n<meta property=\"og:site_name\" content=\"DominIoT\" \/>\n<meta property=\"article:modified_time\" content=\"2024-01-11T00:02:52+00:00\" \/>\n<meta property=\"og:image\" content=\"https:\/\/dominiot.fr\/wp-content\/uploads\/2023\/12\/blackout-7644125_1280.jpg\" \/>\n\t<meta property=\"og:image:width\" content=\"1280\" \/>\n\t<meta property=\"og:image:height\" content=\"335\" \/>\n\t<meta property=\"og:image:type\" content=\"image\/jpeg\" \/>\n<meta name=\"twitter:card\" content=\"summary_large_image\" \/>\n<meta name=\"twitter:label1\" content=\"Est. reading time\" \/>\n\t<meta name=\"twitter:data1\" content=\"3 minutes\" \/>\n<script type=\"application\/ld+json\" class=\"yoast-schema-graph\">{\"@context\":\"https:\/\/schema.org\",\"@graph\":[{\"@type\":\"WebPage\",\"@id\":\"https:\/\/dominiot.fr\/index.php\/cu-energie\/\",\"url\":\"https:\/\/dominiot.fr\/index.php\/cu-energie\/\",\"name\":\"Surveillance des \u00c9quipements d'Energie - Gestion de la Demande d'\u00c9nergie - Stockage d'\u00c9nergie Intelligent - \u00c9clairage Intelligent : - Pr\u00e9vention des Pertes d'\u00c9nergie\",\"isPartOf\":{\"@id\":\"https:\/\/dominiot.fr\/#website\"},\"datePublished\":\"2023-12-16T00:35:50+00:00\",\"dateModified\":\"2024-01-11T00:02:52+00:00\",\"description\":\"DominIoT propose un syst\u00e8me du type 4.0, intelligent et s\u00e9curis\u00e9 permettant aux entreprises d\u2019am\u00e9liorer la fiabilit\u00e9 des op\u00e9rations, un accroissement de l'efficacit\u00e9 \u00e9nerg\u00e9tique, et de contribuer \u00e0 la transition vers un syst\u00e8me \u00e9nerg\u00e9tique plus durable et intelligent.\",\"breadcrumb\":{\"@id\":\"https:\/\/dominiot.fr\/index.php\/cu-energie\/#breadcrumb\"},\"inLanguage\":\"en-US\",\"potentialAction\":[{\"@type\":\"ReadAction\",\"target\":[\"https:\/\/dominiot.fr\/index.php\/cu-energie\/\"]}]},{\"@type\":\"BreadcrumbList\",\"@id\":\"https:\/\/dominiot.fr\/index.php\/cu-energie\/#breadcrumb\",\"itemListElement\":[{\"@type\":\"ListItem\",\"position\":1,\"name\":\"Accueil\",\"item\":\"https:\/\/dominiot.fr\/\"},{\"@type\":\"ListItem\",\"position\":2,\"name\":\"\u00c9nergie\"}]},{\"@type\":\"WebSite\",\"@id\":\"https:\/\/dominiot.fr\/#website\",\"url\":\"https:\/\/dominiot.fr\/\",\"name\":\"DominIoT\",\"description\":\"\",\"potentialAction\":[{\"@type\":\"SearchAction\",\"target\":{\"@type\":\"EntryPoint\",\"urlTemplate\":\"https:\/\/dominiot.fr\/?s={search_term_string}\"},\"query-input\":\"required name=search_term_string\"}],\"inLanguage\":\"en-US\"}]}<\/script>\n<!-- \/ Yoast SEO plugin. -->","yoast_head_json":{"title":"Surveillance des \u00c9quipements d'Energie - Gestion de la Demande d'\u00c9nergie - Stockage d'\u00c9nergie Intelligent - \u00c9clairage Intelligent : - Pr\u00e9vention des Pertes d'\u00c9nergie","description":"DominIoT propose un syst\u00e8me du type 4.0, intelligent et s\u00e9curis\u00e9 permettant aux entreprises d\u2019am\u00e9liorer la fiabilit\u00e9 des op\u00e9rations, un accroissement de l'efficacit\u00e9 \u00e9nerg\u00e9tique, et de contribuer \u00e0 la transition vers un syst\u00e8me \u00e9nerg\u00e9tique plus durable et intelligent.","robots":{"index":"index","follow":"follow","max-snippet":"max-snippet:-1","max-image-preview":"max-image-preview:large","max-video-preview":"max-video-preview:-1"},"canonical":"https:\/\/dominiot.fr\/index.php\/cu-energie\/","og_locale":"en_US","og_type":"article","og_title":"Surveillance des \u00c9quipements d'Energie - Gestion de la Demande d'\u00c9nergie - Stockage d'\u00c9nergie Intelligent - \u00c9clairage Intelligent : - Pr\u00e9vention des Pertes d'\u00c9nergie","og_description":"DominIoT propose un syst\u00e8me du type 4.0, intelligent et s\u00e9curis\u00e9 permettant aux entreprises d\u2019am\u00e9liorer la fiabilit\u00e9 des op\u00e9rations, un accroissement de l'efficacit\u00e9 \u00e9nerg\u00e9tique, et de contribuer \u00e0 la transition vers un syst\u00e8me \u00e9nerg\u00e9tique plus durable et intelligent.","og_url":"https:\/\/dominiot.fr\/index.php\/cu-energie\/","og_site_name":"DominIoT","article_modified_time":"2024-01-11T00:02:52+00:00","og_image":[{"width":1280,"height":335,"url":"https:\/\/dominiot.fr\/wp-content\/uploads\/2023\/12\/blackout-7644125_1280.jpg","type":"image\/jpeg"}],"twitter_card":"summary_large_image","twitter_misc":{"Est. reading time":"3 minutes"},"schema":{"@context":"https:\/\/schema.org","@graph":[{"@type":"WebPage","@id":"https:\/\/dominiot.fr\/index.php\/cu-energie\/","url":"https:\/\/dominiot.fr\/index.php\/cu-energie\/","name":"Surveillance des \u00c9quipements d'Energie - Gestion de la Demande d'\u00c9nergie - Stockage d'\u00c9nergie Intelligent - \u00c9clairage Intelligent : - Pr\u00e9vention des Pertes d'\u00c9nergie","isPartOf":{"@id":"https:\/\/dominiot.fr\/#website"},"datePublished":"2023-12-16T00:35:50+00:00","dateModified":"2024-01-11T00:02:52+00:00","description":"DominIoT propose un syst\u00e8me du type 4.0, intelligent et s\u00e9curis\u00e9 permettant aux entreprises d\u2019am\u00e9liorer la fiabilit\u00e9 des op\u00e9rations, un accroissement de l'efficacit\u00e9 \u00e9nerg\u00e9tique, et de contribuer \u00e0 la transition vers un syst\u00e8me \u00e9nerg\u00e9tique plus durable et intelligent.","breadcrumb":{"@id":"https:\/\/dominiot.fr\/index.php\/cu-energie\/#breadcrumb"},"inLanguage":"en-US","potentialAction":[{"@type":"ReadAction","target":["https:\/\/dominiot.fr\/index.php\/cu-energie\/"]}]},{"@type":"BreadcrumbList","@id":"https:\/\/dominiot.fr\/index.php\/cu-energie\/#breadcrumb","itemListElement":[{"@type":"ListItem","position":1,"name":"Accueil","item":"https:\/\/dominiot.fr\/"},{"@type":"ListItem","position":2,"name":"\u00c9nergie"}]},{"@type":"WebSite","@id":"https:\/\/dominiot.fr\/#website","url":"https:\/\/dominiot.fr\/","name":"DominIoT","description":"","potentialAction":[{"@type":"SearchAction","target":{"@type":"EntryPoint","urlTemplate":"https:\/\/dominiot.fr\/?s={search_term_string}"},"query-input":"required name=search_term_string"}],"inLanguage":"en-US"}]}},"_links":{"self":[{"href":"https:\/\/dominiot.fr\/index.php\/wp-json\/wp\/v2\/pages\/135"}],"collection":[{"href":"https:\/\/dominiot.fr\/index.php\/wp-json\/wp\/v2\/pages"}],"about":[{"href":"https:\/\/dominiot.fr\/index.php\/wp-json\/wp\/v2\/types\/page"}],"author":[{"embeddable":true,"href":"https:\/\/dominiot.fr\/index.php\/wp-json\/wp\/v2\/users\/1"}],"replies":[{"embeddable":true,"href":"https:\/\/dominiot.fr\/index.php\/wp-json\/wp\/v2\/comments?post=135"}],"version-history":[{"count":21,"href":"https:\/\/dominiot.fr\/index.php\/wp-json\/wp\/v2\/pages\/135\/revisions"}],"predecessor-version":[{"id":905,"href":"https:\/\/dominiot.fr\/index.php\/wp-json\/wp\/v2\/pages\/135\/revisions\/905"}],"wp:featuredmedia":[{"embeddable":true,"href":"https:\/\/dominiot.fr\/index.php\/wp-json\/wp\/v2\/media\/557"}],"wp:attachment":[{"href":"https:\/\/dominiot.fr\/index.php\/wp-json\/wp\/v2\/media?parent=135"}],"curies":[{"name":"wp","href":"https:\/\/api.w.org\/{rel}","templated":true}]}}